[INFO] fetching crate pipe_downloader 0.8.2...
[INFO] checking pipe_downloader-0.8.2 against master#9610dfe5a9a731ced1ea4923ecbd0c57fe367898 for beta-170-4
[INFO] extracting crate pipe_downloader 0.8.2 into /workspace/builds/worker-0-tc1/source
[INFO] validating manifest of crates.io crate pipe_downloader 0.8.2 on toolchain 9610dfe5a9a731ced1ea4923ecbd0c57fe367898
[INFO] running `Command { std: CARGO_HOME="/workspace/cargo-home" RUSTUP_HOME="/workspace/rustup-home" "/workspace/cargo-home/bin/cargo" "+9610dfe5a9a731ced1ea4923ecbd0c57fe367898" "metadata" "--manifest-path" "Cargo.toml" "--no-deps", kill_on_drop: false }`
[INFO] started tweaking crates.io crate pipe_downloader 0.8.2
[INFO] finished tweaking crates.io crate pipe_downloader 0.8.2
[INFO] tweaked toml for crates.io crate pipe_downloader 0.8.2 written to /workspace/builds/worker-0-tc1/source/Cargo.toml
[INFO] crate crates.io crate pipe_downloader 0.8.2 already has a lockfile, it will not be regenerated
[INFO] running `Command { std: CARGO_HOME="/workspace/cargo-home" RUSTUP_HOME="/workspace/rustup-home" "/workspace/cargo-home/bin/cargo" "+9610dfe5a9a731ced1ea4923ecbd0c57fe367898" "fetch" "--manifest-path" "Cargo.toml", kill_on_drop: false }`
[INFO] [stderr]     Updating crates.io index
[INFO] [stderr]  Downloading crates ...
[INFO] [stderr]   Downloaded dummy v0.5.0
[INFO] [stderr]   Downloaded sha256 v1.1.3
[INFO] [stderr]   Downloaded rust-embed-impl v6.5.0
[INFO] [stderr]   Downloaded rust-embed-utils v7.5.0
[INFO] [stderr]   Downloaded humansize v2.1.3
[INFO] [stderr]   Downloaded pipe_downloader_lib v0.8.0
[INFO] [stderr]   Downloaded actix-cors v0.6.4
[INFO] [stderr]   Downloaded unidecode v0.3.0
[INFO] [stderr]   Downloaded fake v2.6.1
[INFO] [stderr]   Downloaded rust-embed v6.6.1
[INFO] running `Command { std: "docker" "create" "-v" "/var/lib/crater-agent-workspace/builds/worker-0-tc1/target:/opt/rustwide/target:rw,Z" "-v" "/var/lib/crater-agent-workspace/builds/worker-0-tc1/source:/opt/rustwide/workdir:ro,Z" "-v" "/var/lib/crater-agent-workspace/cargo-home:/opt/rustwide/cargo-home:ro,Z" "-v" "/var/lib/crater-agent-workspace/rustup-home:/opt/rustwide/rustup-home:ro,Z" "-e" "SOURCE_DIR=/opt/rustwide/workdir" "-e" "CARGO_TARGET_DIR=/opt/rustwide/target" "-e" "CARGO_HOME=/opt/rustwide/cargo-home" "-e" "RUSTUP_HOME=/opt/rustwide/rustup-home" "-w" "/opt/rustwide/workdir" "-m" "1610612736" "--user" "0:0" "--network" "none" "ghcr.io/rust-lang/crates-build-env/linux@sha256:19e73879b68f455e41552ea35293514db52ea292d993f571636dbffedb77a1ee" "/opt/rustwide/cargo-home/bin/cargo" "+9610dfe5a9a731ced1ea4923ecbd0c57fe367898" "metadata" "--no-deps" "--format-version=1", kill_on_drop: false }`
[INFO] [stdout] dfaddc886bde15f52ad02f3d72181e8838dcada96875b70d13991e12c417c327
[INFO] running `Command { std: "docker" "start" "-a" "dfaddc886bde15f52ad02f3d72181e8838dcada96875b70d13991e12c417c327", kill_on_drop: false }`
[INFO] running `Command { std: "docker" "inspect" "dfaddc886bde15f52ad02f3d72181e8838dcada96875b70d13991e12c417c327", kill_on_drop: false }`
[INFO] running `Command { std: "docker" "rm" "-f" "dfaddc886bde15f52ad02f3d72181e8838dcada96875b70d13991e12c417c327", kill_on_drop: false }`
[INFO] [stdout] dfaddc886bde15f52ad02f3d72181e8838dcada96875b70d13991e12c417c327
[INFO] running `Command { std: "docker" "create" "-v" "/var/lib/crater-agent-workspace/builds/worker-0-tc1/target:/opt/rustwide/target:rw,Z" "-v" "/var/lib/crater-agent-workspace/builds/worker-0-tc1/source:/opt/rustwide/workdir:ro,Z" "-v" "/var/lib/crater-agent-workspace/cargo-home:/opt/rustwide/cargo-home:ro,Z" "-v" "/var/lib/crater-agent-workspace/rustup-home:/opt/rustwide/rustup-home:ro,Z" "-e" "SOURCE_DIR=/opt/rustwide/workdir" "-e" "CARGO_TARGET_DIR=/opt/rustwide/target" "-e" "CARGO_INCREMENTAL=0" "-e" "RUST_BACKTRACE=full" "-e" "RUSTFLAGS=--cap-lints=forbid" "-e" "RUSTDOCFLAGS=--cap-lints=forbid" "-e" "CARGO_HOME=/opt/rustwide/cargo-home" "-e" "RUSTUP_HOME=/opt/rustwide/rustup-home" "-w" "/opt/rustwide/workdir" "-m" "1610612736" "--user" "0:0" "--network" "none" "ghcr.io/rust-lang/crates-build-env/linux@sha256:19e73879b68f455e41552ea35293514db52ea292d993f571636dbffedb77a1ee" "/opt/rustwide/cargo-home/bin/cargo" "+9610dfe5a9a731ced1ea4923ecbd0c57fe367898" "check" "--frozen" "--all" "--all-targets" "--message-format=json", kill_on_drop: false }`
[INFO] [stdout] 333996ad8a099d9fbf0a4557d91c25d8dafa06a00169a32ad79baccf5b6007e9
[INFO] running `Command { std: "docker" "start" "-a" "333996ad8a099d9fbf0a4557d91c25d8dafa06a00169a32ad79baccf5b6007e9", kill_on_drop: false }`
[INFO] [stderr]    Compiling libc v0.2.143
[INFO] [stderr]    Compiling proc-macro2 v1.0.56
[INFO] [stderr]    Compiling unicode-ident v1.0.8
[INFO] [stderr]    Compiling quote v1.0.26
[INFO] [stderr]    Compiling typenum v1.16.0
[INFO] [stderr]     Checking once_cell v1.17.1
[INFO] [stderr]    Compiling generic-array v0.14.7
[INFO] [stderr]    Compiling lock_api v0.4.9
[INFO] [stderr]    Compiling parking_lot_core v0.9.7
[INFO] [stderr]     Checking smallvec v1.10.0
[INFO] [stderr]    Compiling tokio v1.28.0
[INFO] [stderr]    Compiling pkg-config v0.3.27
[INFO] [stderr]    Compiling syn v1.0.109
[INFO] [stderr]    Compiling futures-task v0.3.28
[INFO] [stderr]    Compiling futures-util v0.3.28
[INFO] [stderr]     Checking futures-io v0.3.28
[INFO] [stderr]     Checking tracing-core v0.1.30
[INFO] [stderr]    Compiling serde_derive v1.0.162
[INFO] [stderr]     Checking cpufeatures v0.2.7
[INFO] [stderr]    Compiling serde v1.0.162
[INFO] [stderr]     Checking ppv-lite86 v0.2.17
[INFO] [stderr]    Compiling futures-channel v0.3.28
[INFO] [stderr]    Compiling zstd-safe v6.0.5+zstd.1.5.4
[INFO] [stderr]     Checking base64 v0.21.0
[INFO] [stderr]    Compiling log v0.4.17
[INFO] [stderr]    Compiling paste v1.0.12
[INFO] [stderr]    Compiling bytes v1.4.0
[INFO] [stderr]     Checking tracing v0.1.37
[INFO] [stderr]     Checking alloc-no-stdlib v2.0.4
[INFO] [stderr]    Compiling rustls v0.20.8
[INFO] [stderr]     Checking local-waker v0.1.3
[INFO] [stderr]     Checking want v0.3.0
[INFO] [stderr]     Checking alloc-stdlib v0.2.2
[INFO] [stderr]     Checking miniz_oxide v0.7.1
[INFO] [stderr]    Compiling aho-corasick v1.0.1
[INFO] [stderr]    Compiling ahash v0.8.3
[INFO] [stderr]    Compiling num-traits v0.2.15
[INFO] [stderr]    Compiling pin-project-lite v0.2.9
[INFO] [stderr]    Compiling itoa v1.0.6
[INFO] [stderr]    Compiling io-lifetimes v1.0.10
[INFO] [stderr]    Compiling regex-syntax v0.7.1
[INFO] [stderr]    Compiling time-core v0.1.1
[INFO] [stderr]    Compiling syn v2.0.15
[INFO] [stderr]    Compiling jobserver v0.1.26
[INFO] [stderr]    Compiling time-macros v0.2.9
[INFO] [stderr]     Checking flate2 v1.0.26
[INFO] [stderr]    Compiling cc v1.0.79
[INFO] [stderr]     Checking actix-service v2.0.2
[INFO] [stderr]    Compiling http v0.2.9
[INFO] [stderr]    Compiling bytestring v1.3.0
[INFO] [stderr]     Checking brotli-decompressor v2.3.4
[INFO] [stderr]     Checking mio v0.8.6
[INFO] [stderr]     Checking socket2 v0.4.9
[INFO] [stderr]     Checking parking_lot v0.12.1
[INFO] [stderr]     Checking num_cpus v1.15.0
[INFO] [stderr]     Checking signal-hook-registry v1.4.1
[INFO] [stderr]     Checking block-buffer v0.10.4
[INFO] [stderr]     Checking crypto-common v0.1.6
[INFO] [stderr]     Checking getrandom v0.2.9
[INFO] [stderr]     Checking digest v0.10.6
[INFO] [stderr]     Checking actix-utils v3.0.1
[INFO] [stderr]    Compiling unicase v2.6.0
[INFO] [stderr]     Checking rand_core v0.6.4
[INFO] [stderr]    Compiling num-integer v0.1.45
[INFO] [stderr]     Checking sha1 v0.10.5
[INFO] [stderr]     Checking rand_chacha v0.3.1
[INFO] [stderr]    Compiling ahash v0.7.6
[INFO] [stderr]    Compiling cookie v0.16.2
[INFO] [stderr]     Checking rand v0.8.5
[INFO] [stderr]    Compiling rustix v0.37.19
[INFO] [stderr]    Compiling same-file v1.0.6
[INFO] [stderr]    Compiling libm v0.2.6
[INFO] [stderr]     Checking brotli v3.3.4
[INFO] [stderr]    Compiling walkdir v2.3.3
[INFO] [stderr]    Compiling sha2 v0.10.6
[INFO] [stderr]    Compiling ring v0.16.20
[INFO] [stderr]    Compiling zstd-sys v2.0.8+zstd.1.5.5
[INFO] [stderr]     Checking regex v1.8.1
[INFO] [stderr]    Compiling bzip2-sys v0.1.11+1.0.8
[INFO] [stderr]    Compiling lz4-sys v1.9.4
[INFO] [stderr]    Compiling lzma-sys v0.1.20
[INFO] [stderr]     Checking time v0.3.21
[INFO] [stderr]    Compiling mime_guess v2.0.4
[INFO] [stderr]     Checking local-channel v0.1.3
[INFO] [stderr]    Compiling proc-macro-error-attr v1.0.4
[INFO] [stderr]     Checking rustls-pemfile v1.0.2
[INFO] [stderr]     Checking base64 v0.13.1
[INFO] [stderr]     Checking unicode-width v0.1.10
[INFO] [stderr]    Compiling unicode-segmentation v1.10.1
[INFO] [stderr]    Compiling anyhow v1.0.71
[INFO] [stderr]     Checking linux-raw-sys v0.3.7
[INFO] [stderr]     Checking language-tags v0.3.2
[INFO] [stderr]     Checking textwrap v0.11.0
[INFO] [stderr]    Compiling heck v0.3.3
[INFO] [stderr]    Compiling rust-embed-utils v7.5.0
[INFO] [stderr]     Checking xattr v0.2.3
[INFO] [stderr]     Checking time v0.1.45
[INFO] [stderr]     Checking atty v0.2.14
[INFO] [stderr]     Checking filetime v0.2.21
[INFO] [stderr]    Compiling multer v2.1.0
[INFO] [stderr]     Checking iana-time-zone v0.1.56
[INFO] [stderr]     Checking utf-8 v0.7.6
[INFO] [stderr]     Checking clap v2.34.0
[INFO] [stderr]     Checking tar v0.4.38
[INFO] [stderr]     Checking xz2 v0.1.7
[INFO] [stderr]     Checking humansize v2.1.3
[INFO] [stderr]     Checking headers-core v0.2.0
[INFO] [stderr]     Checking spin v0.9.8
[INFO] [stderr]     Checking termcolor v1.2.0
[INFO] [stderr]    Compiling darling_core v0.20.1
[INFO] [stderr]     Checking headers v0.3.8
[INFO] [stderr]     Checking hex v0.4.3
[INFO] [stderr]     Checking unidecode v0.3.0
[INFO] [stderr]     Checking scoped-tls v1.0.1
[INFO] [stderr]     Checking sha256 v1.1.3
[INFO] [stderr]    Compiling actix-router v0.5.1
[INFO] [stderr]    Compiling proc-macro-error v1.0.4
[INFO] [stderr]     Checking is-terminal v0.4.7
[INFO] [stderr]     Checking env_logger v0.10.0
[INFO] [stderr]     Checking bzip2 v0.4.4
[INFO] [stderr]     Checking webpki v0.22.0
[INFO] [stderr]     Checking sct v0.7.0
[INFO] [stderr]    Compiling tokio-macros v2.1.0
[INFO] [stderr]    Compiling thiserror-impl v1.0.40
[INFO] [stderr]     Checking webpki-roots v0.22.6
[INFO] [stderr]    Compiling derive_more v0.99.17
[INFO] [stderr]    Compiling actix-macros v0.2.3
[INFO] [stderr]    Compiling actix-web-codegen v4.2.0
[INFO] [stderr]    Compiling structopt-derive v0.4.18
[INFO] [stderr]    Compiling darling_macro v0.20.1
[INFO] [stderr]    Compiling rust-embed-impl v6.5.0
[INFO] [stderr]    Compiling pin-project-internal v1.0.12
[INFO] [stderr]    Compiling darling v0.20.1
[INFO] [stderr]    Compiling dummy v0.5.0
[INFO] [stderr]     Checking thiserror v1.0.40
[INFO] [stderr]     Checking tungstenite v0.18.0
[INFO] [stderr]     Checking rust-embed v6.6.1
[INFO] [stderr]     Checking structopt v0.3.26
[INFO] [stderr]     Checking pin-project v1.0.12
[INFO] [stderr]     Checking fake v2.6.1
[INFO] [stderr]     Checking zstd v0.12.3+zstd.1.5.2
[INFO] [stderr]     Checking lz4 v1.24.0
[INFO] [stderr]     Checking tokio-util v0.7.8
[INFO] [stderr]     Checking actix-rt v2.8.0
[INFO] [stderr]     Checking tokio-rustls v0.23.4
[INFO] [stderr]     Checking tokio-stream v0.1.14
[INFO] [stderr]     Checking tokio-tungstenite v0.18.0
[INFO] [stderr]     Checking actix-server v2.2.0
[INFO] [stderr]     Checking h2 v0.3.18
[INFO] [stderr]     Checking actix-codec v0.5.0
[INFO] [stderr]     Checking serde_urlencoded v0.7.1
[INFO] [stderr]     Checking serde_json v1.0.96
[INFO] [stderr]     Checking chrono v0.4.24
[INFO] [stderr]     Checking hyper v0.14.26
[INFO] [stderr]     Checking actix-http v3.3.1
[INFO] [stderr]     Checking actix-web v4.3.1
[INFO] [stderr]     Checking hyper-rustls v0.23.2
[INFO] [stderr]     Checking warp v0.3.5
[INFO] [stderr]     Checking reqwest v0.11.17
[INFO] [stderr]     Checking actix-cors v0.6.4
[INFO] [stderr]     Checking pipe_downloader_lib v0.8.0
[INFO] [stderr]     Checking pipe_downloader v0.8.2 (/opt/rustwide/workdir)
[INFO] [stdout] error[E0432]: unresolved import `pipe_utils`
[INFO] [stdout]   --> tests/full_test.rs:17:5
[INFO] [stdout]    |
[INFO] [stdout] 17 | use pipe_utils::{
[INFO] [stdout]    |     ^^^^^^^^^^ use of undeclared crate or module `pipe_utils`
[INFO] [stdout] 
[INFO] [stdout] 
[INFO] [stdout] error[E0599]: no method named `as_mut` found for struct `Pin<_>` in the current scope
[INFO] [stdout]   --> tests/full_test.rs:93:5
[INFO] [stdout]    |
[INFO] [stdout] 93 |     try_join!(f1, f2, f3, f4, f5).unwrap();
[INFO] [stdout]    |     ^^^^^^^^^^^^^^^^^^^^^^^^^^^^^ method not found in `Pin<_>`
[INFO] [stdout]   --> /rustc/9610dfe5a9a731ced1ea4923ecbd0c57fe367898/library/core/src/pin.rs:724:12
[INFO] [stdout]    |
[INFO] [stdout]    = note: the method is available for `Pin<_>` here
[INFO] [stdout]    |
[INFO] [stdout]    = note: the method was found for
[INFO] [stdout]            - `Pin<P>`
[INFO] [stdout]    = note: this error originates in the macro `$crate::try_join` which comes from the expansion of the macro `try_join` (in Nightly builds, run with -Z macro-backtrace for more info)
[INFO] [stdout] 
[INFO] [stdout] 
[INFO] [stdout] error[E0599]: no method named `as_mut` found for struct `Pin<_>` in the current scope
[INFO] [stdout]   --> tests/full_test.rs:93:5
[INFO] [stdout]    |
[INFO] [stdout] 93 |     try_join!(f1, f2, f3, f4, f5).unwrap();
[INFO] [stdout]    |     ^^^^^^^^^^^^^^^^^^^^^^^^^^^^^ method not found in `Pin<_>`
[INFO] [stdout]   --> /rustc/9610dfe5a9a731ced1ea4923ecbd0c57fe367898/library/core/src/pin.rs:724:12
[INFO] [stdout]    |
[INFO] [stdout]    = note: the method is available for `Pin<_>` here
[INFO] [stdout]    |
[INFO] [stdout]    = note: the method was found for
[INFO] [stdout]            - `Pin<P>`
[INFO] [stdout]    = note: this error originates in the macro `$crate::try_join` which comes from the expansion of the macro `try_join` (in Nightly builds, run with -Z macro-backtrace for more info)
[INFO] [stdout] 
[INFO] [stdout] 
[INFO] [stdout] error[E0599]: no method named `take_output` found for struct `Pin<_>` in the current scope
[INFO] [stdout]   --> tests/full_test.rs:93:5
[INFO] [stdout]    |
[INFO] [stdout] 93 |     try_join!(f1, f2, f3, f4, f5).unwrap();
[INFO] [stdout]    |     ^^^^^^^^^^^^^^^^^^^^^^^^^^^^^ method not found in `Pin<_>`
[INFO] [stdout]    |
[INFO] [stdout]    = note: this error originates in the macro `$crate::try_join` which comes from the expansion of the macro `try_join` (in Nightly builds, run with -Z macro-backtrace for more info)
[INFO] [stdout] 
[INFO] [stdout] 
[INFO] [stdout] error[E0599]: no method named `take_output` found for struct `Pin<_>` in the current scope
[INFO] [stdout]   --> tests/full_test.rs:93:5
[INFO] [stdout]    |
[INFO] [stdout] 93 |     try_join!(f1, f2, f3, f4, f5).unwrap();
[INFO] [stdout]    |     ^^^^^^^^^^^^^^^^^^^^^^^^^^^^^
[INFO] [stdout]    |     |
[INFO] [stdout]    |     method not found in `Pin<_>`
[INFO] [stdout]    |
[INFO] [stdout]    = note: this error originates in the macro `$crate::try_join` which comes from the expansion of the macro `try_join` (in Nightly builds, run with -Z macro-backtrace for more info)
[INFO] [stdout] 
[INFO] [stdout] 
[INFO] [stdout] error: aborting due to 5 previous errors
[INFO] [stdout] 
[INFO] [stdout] 
[INFO] [stdout] Some errors have detailed explanations: E0432, E0599.
[INFO] [stdout] 
[INFO] [stdout] For more information about an error, try `rustc --explain E0432`.
[INFO] [stdout] 
[INFO] [stderr] error: could not compile `pipe_downloader` (test "full_test") due to 6 previous errors
[INFO] running `Command { std: "docker" "inspect" "333996ad8a099d9fbf0a4557d91c25d8dafa06a00169a32ad79baccf5b6007e9", kill_on_drop: false }`
[INFO] running `Command { std: "docker" "rm" "-f" "333996ad8a099d9fbf0a4557d91c25d8dafa06a00169a32ad79baccf5b6007e9", kill_on_drop: false }`
[INFO] [stdout] 333996ad8a099d9fbf0a4557d91c25d8dafa06a00169a32ad79baccf5b6007e9
